t u = 46 + -22. Calculate the greatest common divisor of u and r.
3
Let o = -31 + 82. Suppose 12 - o = -3*u. Let y = u + -12. Calculate the highest common divisor of 11 and y.
1
Suppose -5257 - 10088 = -45*f. Calculate the highest common factor of 11 and f.
11
Let x(m) = -5*m**2 + 103 - m - 101 + m**3 + 7*m. Let s be x(4). Let l = s - 4. Calculate the highest common divisor of l and 66.
6
Let s(k) = k**3 + 5*k**2 + 3*k + 7. Let p be s(-4). Let a(i) = i**3 - 11*i**2 + 2*i - 6. Let w be a(p). What is the highest common divisor of w and 32?
16
Let v be 1*5/15*-3 - -8. Let s = 3 - -1. Suppose 3*c - 9 = 0, s*q - 4*c = -5*c + 143. Calculate the greatest common divisor of q and v.
7
Suppose 2*b = -2, 3*p - 5*b + 3*b + 7 = 0. Let a be 3/6*(-96)/p. What is the highest common divisor of a and 128?
16
Suppose -3*i - 2 + 14 = -4*b, -9 = 3*b. Let h be 0 - i - (1 + -1). Suppose 5*c + v = -h*v + 104, c - 2*v = 12. What is the greatest common divisor of 30 and c?
10
Let x = 2342 + -1404. Calculate the highest common divisor of x and 7.
7
Let p(v) = v**3 + v**2 - 9*v + 12. Let u be p(5). Suppose 8*a + u = 11*a. Calculate the greatest common factor of 429 and a.
39
Let u be 35 + -2 + -2 + 4. Let z = -28 + u. Calculate the highest common factor of 7 and z.
7
Let w(l) = -l**3 + 7*l**2 - 15. Let g be w(6). Let d = -33 + 54. Calculate the greatest common factor of g and d.
21
Let o(w) = w**2 + 6*w + 2. Let j be o(-9). Let d = 65 - j. Calculate the greatest common divisor of d and 9.
9
Let a = 36 + -33. Calculate the highest common divisor of 69 and a.
3
Let y = 302 - 282. Calculate the greatest common divisor of y and 5.
5
Let z be (-1165)/(-3) - 140/(-84). Calculate the greatest common factor of z and 60.
30
Suppose -2*u = 2*u. Suppose 2*g + u = -2. Let k be g + 18 + -5 + 3. What is the greatest common factor of 75 and k?
15
Suppose 0 = 5*z - 332 - 118. What is the greatest common factor of 30 and z?
30
Suppose -8*x + 4998 = -x. Suppose 12*h = 9*h - x. Let n be (h/(-21))/((-2)/(-12)). Calculate the highest common divisor of n and 17.
17
Suppose -10*j = -16*j + 36. Let y(f) = -f**3 - 7*f**2 - 7*f - 2. Let r be y(-6). Let l = -2 + r. Calculate the highest common divisor of l and j.
2
Let v be (45/20)/(18/624). Suppose 0*l = 3*l - 954. Suppose -v = 5*t - l. Calculate the greatest common factor of t and 6.
6
Let d be (0 + (92 - 0))*1. Let j(c) = c**2 - 2. Let a be j(5). What is the greatest common divisor of a and d?
23
Let m(t) = -t**2 - 7*t + 7. Let h be m(-8). Let a be (-79)/h - (1 - 0). Let o be ((-4)/1)/((-18)/117). Calculate the greatest common factor of o and a.
26
Let y be ((-1 - -6) + (-8)/24)*69. What is the highest common divisor of 28 and y?
14
Let y(k) = 16*k - 4. Suppose 5*q = 1 + 19. Let b be y(q). Let i be (3/((-3)/(-29)) - 3) + -2. What is the highest common divisor of i and b?
12
Let q be 15 + ((-5)/(-4) - 7/28). Let y(c) = c**3 - 15*c**2 - 13*c - 18. Let v be y(q). What is the highest common divisor of v and 20?
10
Let c(m) = m**2 - 20*m - 149. Let n be c(27). What is the highest common divisor of 340 and n?
20
Let k(c) = c. Let r be k(5). Let o(j) = j + 9. Let h be o(-8). Let g be (h/3)/(6/18). What is the highest common divisor of g and r?
1
Suppose d = 2*z + 21, 0 = 2*d + 9*z - 5*z - 74. Suppose 3*y = -y + 1276. Calculate the greatest common divisor of d and y.
29
Suppose 6*i - 804 = -0*i. Let d = i + -64. What is the greatest common factor of 28 and d?
14
Let n = 55 - 48. Let p(h) = h**3 - 2*h**2 + 3. Let m be p(4). What is the highest common factor of m and n?
7
Let i(q) = 32*q - 81. Let s be i(6). Calculate the greatest common divisor of s and 3.
3
Suppose 0 = -2*w + 3*d + d - 244, w - 4*d = -122. Let r = -94 - w. Calculate the highest common factor of 28 and r.
28
Let a = -925 - -1286. Calculate the greatest common factor of a and 38.
19
Let o = 29 + 13. Let z = -30 + o. What is the highest common factor of 24 and z?
12
Let k be ((-8496)/(-39) - 1) + 10/65. Calculate the highest common divisor of 7 and k.
7
Let c be (2 - 3) + -2 - -8. Suppose -39 = r + s - 171, r - c*s = 156. Calculate the greatest common factor of r and 17.
17
Let v(h) = -h**3 + 28*h**2 + 3*h + 44. Let i be v(28). Calculate the greatest common factor of i and 80.
16
Let h be 1 - -35 - (10 - 16). Calculate the greatest common factor of 210 and h.
42
Let h be 20/(-10) - (-91 + -3 + 1). Calculate the greatest common factor of h and 13.
13
Suppose b = -3*p + 72, -3*b + 18 = 2*p - 233. Suppose 5*y + 5*n - 165 = 0, -3*n + 29 + 99 = 4*y. Calculate the highest common divisor of b and y.
29
Suppose -s = -4*u + 690, -79*s = -4*u - 75*s + 696. What is the highest common factor of 774 and u?
86
Suppose -2*l + 19 = -q, -5*q = -0*l - 2*l + 15. Let x = 24 - l. Let j be ((-32)/6)/(1/(-21)). Calculate the greatest common divisor of x and j.
14
Let u = -108 + 113. Suppose 1 + 0 = -4*b - 5*s, u*s + 19 = -b. Calculate the greatest common divisor of 18 and b.
6
Let n(k) = 12*k - 60. Let i be n(9). Calculate the greatest common factor of 552 and i.
24
Let a be 6*(-235)/(-30) - -7. Calculate the highest common factor of a and 882.
18
Suppose -4*d + y = -624 - 16, -4*y = 5*d - 821. Let l be (-1)/1 + -4 + d + 0. What is the highest common divisor of 12 and l?
12
Suppose 8*a + 225 = 5*a. Let j = -63 - a. What is the highest common divisor of 108 and j?
12
Let i be (4/(-14))/((-5)/35). Suppose 4*s - 160 = 4*f, -i*f + 151 = -6*f + s. Let t = -7 - f. What is the greatest common divisor of t and 12?
6
Suppose 0 = 3*l + 117 - 12. Let r be ((-84)/l)/(2/10). Let y(j) = j**2 + 6*j - 3. Let q be y(-7). Calculate the greatest common factor of r and q.
4
Suppose -2*x + 29 = -15. Let p = -18 + x. Suppose p*a = 420 - 36. What is the highest common factor of a and 32?
32
Let z(v) = -v**3 + 29*v**2 - 34*v - 82. Let i be z(26). What is the highest common factor of 18 and i?
18
Let k(v) be the third derivative of 11*v**5/6 - 5*v**4/24 - 2*v**3/3 + 16*v**2. Let o be k(-1). Calculate the highest common divisor of 37 and o.
37
Let j be (-310)/(-4) + 6/12. Calculate the greatest common factor of 1014 and j.
78
Let o be 48 + (2 - 6/3). Let s(v) = -v - 1. Let z(m) = 2*m - 1. Let x(n) = s(n) + z(n). Let k be x(8). What is the greatest common divisor of o and k?
6
Let v be 13/4 + 14/(-56). Let g = 25 - v. Calculate the greatest common divisor of g and 22.
22
Suppose 5*b = -2*t + 4*t + 9, 2*t + 2*b = 26. What is the highest common factor of 296 and t?
8
Let d(b) be the third derivative of b**5/60 + 5*b**4/12 + b**3/6 + 41*b**2. Let s be d(-11). Calculate the greatest common factor of 12 and s.
12
Suppose 80 = -y + 134. Calculate the greatest common factor of 6 and y.
6
Let x be 6/2 + 2 - -108. Let v = x - 105. What is the greatest common divisor of v and 40?
8
Let y = 267 + 62. What is the greatest common divisor of y and 47?
47
Let t(l) = -l**2 + l + 57. Let g be t(0). Let q = g - 39. Calculate the highest common factor of q and 144.
18
Let f(q) = -20*q - 59. Let c be f(-11). What is the greatest common divisor of c and 28?
7
Let s = -6217 + 6267. Suppose m = -m + 40. Calculate the greatest common factor of m and s.
10
Let i be -2 + 4/(-1)*-3. Suppose 0 = 9*t - 8*t - 22. Let p = 8 + t. Calculate the highest common factor of p and i.
10
Suppose 36*q + 103 - 391 = 0. What is the highest common divisor of 18 and q?
2
Suppose 3*q = -3*h - q + 2, 4*h - 5*q = 13. Suppose -5*b - 3 = h. Let c be ((-45)/(-12))/(b/(-24)). Calculate the greatest common divisor of c and 10.
10
Let v(j) = 5*j + 1. Let a(o) = -o**3 - o - 1. Let l be a(-1). Let i be v(l). Let s be (i - 7)/(2/(-84)). Calculate the greatest common factor of 6 and s.
6
Let u be ((-16)/(-20))/(-1)*105/(-14). Calculate the highest common factor of u and 114.
6
Suppose -2*i - i - v + 23 = 0, i = -5*v + 31. Let s = 35 + -11. Suppose -7*b = -i*b - s. What is the highest common factor of b and 6?
6
Let i = -192 + 291. Let s = 6 - 4. Let c = s - -9. Calculate the highest common divisor of i and c.
11
Let v(p) be the first derivative of p**2/2 - 6*p + 7. Let a be v(-4). Let s be (-3 + 4)*a/(-5). What is the highest common factor of 16 and s?
2
Suppose 5*h = -5*x + 4*h + 227, 5*h - 235 = -5*x. What is the highest common factor of 585 and x?
45
Let h = -207 + 333. Let d(l) = 26 - 